sor of 1312 and 65248.
32
What is the greatest common factor of 12499 and 121973?
431
What is the greatest common divisor of 405 and 875?
5
What is the greatest common factor of 1224 and 22824?
72
Calculate the highest common divisor of 3597 and 82077.
327
Calculate the highest common factor of 206244 and 60.
12
Calculate the highest common factor of 5679 and 549.
9
What is the highest common divisor of 3150 and 30114?
126
Calculate the greatest common factor of 2010 and 11110.
10
What is the highest common divisor of 5166 and 615?
123
Calculate the highest common factor of 54080 and 64.
64
What is the greatest common divisor of 811813 and 76?
19
What is the greatest common divisor of 426192 and 6864?
624
What is the greatest common divisor of 436 and 1532213?
109
What is the greatest common factor of 886443 and 483?
69
Calculate the highest common factor of 117 and 1028443.
13
What is the highest common factor of 106095 and 143?
11
Calculate the highest common divisor of 338 and 3099460.
338
What is the greatest common factor of 85 and 508895?
85
What is the greatest common factor of 163164 and 24?
12
Calculate the greatest common divisor of 21 and 2034.
3
What is the greatest common divisor of 188244 and 1826?
166
Calculate the highest common divisor of 22619014 and 121.
121
Calculate the highest common factor of 254721 and 1379.
197
What is the highest common factor of 1160 and 435?
145
What is the greatest common factor of 24010 and 980?
490
What is the highest common factor of 1044 and 37956?
12
Calculate the greatest common divisor of 8451 and 1944.
27
What is the greatest common factor of 114 and 19614?
6
What is the highest common factor of 45 and 364230?
45
What is the greatest common divisor of 1800 and 3150?
450
What is the greatest common factor of 3137474 and 488?
122
Calculate the highest common divisor of 4477 and 4719.
121
Calculate the highest common divisor of 822 and 274.
274
Calculate the highest common divisor of 2407 and 913.
83
What is the greatest common divisor of 60 and 4000?
20
Calculate the highest common divisor of 64311 and 357.
51
Calculate the highest common divisor of 8410 and 36163.
841
Calculate the highest common divisor of 474 and 45662.
158
What is the greatest common factor of 210681 and 4913?
289
What is the highest common divisor of 1239978 and 456?
114
What is the highest common divisor of 21103 and 7802?
47
Calculate the highest common divisor of 693 and 317478.
21
What is the highest common divisor of 4048 and 11968?
176
Calculate the highest common divisor of 714 and 111979.
119
What is the greatest common divisor of 4416 and 5865?
69
What is the highest common divisor of 21015 and 2685?
15
Calculate the greatest common factor of 7456 and 576908.
932
Calculate the greatest common divisor of 1793 and 815.
163
What is the greatest common divisor of 210971 and 113?
113
Calculate the greatest common factor of 9 and 2684808.
9
What is the greatest common divisor of 1116 and 3?
3
Calculate the highest common divisor of 2798928 and 1056.
528
Calculate the greatest common divisor of 35 and 16380.
35
What is the greatest common divisor of 298 and 90145?
149
Calculate the highest common divisor of 187052 and 808.
404
What is the greatest common factor of 111 and 63233?
37
Calculate the greatest common factor of 20 and 88016.
4
Calculate the highest common factor of 300 and 864.
12
What is the highest common factor of 3447 and 46726?
383
Calculate the highest common divisor of 8509 and 12319.
127
Calculate the highest common factor of 39 and 73255.
13
Calculate the highest common factor of 390236 and 11.
11
What is the greatest common divisor of 4158623 and 201?
67
Calculate the highest common factor of 1118 and 33254.
26
Calculate the greatest common factor of 648 and 168750.
54
Calculate the greatest common factor of 1208 and 59494.
302
Calculate the greatest common factor of 6696 and 797661.
837
Calculate the highest common divisor of 115 and 1891313.
23
What is the greatest common factor of 798 and 1369900?
266
Calculate the greatest common factor of 78 and 6539.
13
Calculate the highest common factor of 328 and 176648.
8
Calculate the greatest common divisor of 97320 and 6.
6
What is the greatest common factor of 106 and 24874?
2
Calculate the greatest common divisor of 6580 and 5180.
140
Calculate the highest common divisor of 57111 and 3.
3
What is the highest common factor of 20498 and 592?
74
Calculate the greatest common factor of 1131 and 28942.
29
Calculate the highest common divisor of 33 and 15653.
11
Calculate the greatest common factor of 586 and 374161.
293
What is the highest common divisor of 505882 and 26?
26
Calculate the highest common divisor of 4329 and 15639.
39
What is the greatest common factor of 2847 and 1443?
39
What is the greatest common factor of 72 and 3702?
6
Calculate the greatest common factor of 62805 and 105.
15
What is the highest common divisor of 17 and 131648?
17
What is the greatest common divisor of 10224 and 13419?
639
Calculate the greatest common factor of 100752 and 48.
48
Calculate the highest common divisor of 5525 and 325.
325
What is the highest common divisor of 720 and 27860?
20
Calculate the highest common divisor of 1008655 and 10.
5
Calculate the highest common factor of 1254113 and 17654.
679
Calculate the greatest common factor of 120105 and 157.
157
What is the highest common factor of 2490 and 50630?
830
Calculate the highest common divisor of 6314 and 25102.
154
Calculate the highest common factor of 288 and 15968.
32
Calculate the highest common divisor of 3600 and 730.
10
Calculate the highest common divisor of 16 and 4216528.
16
Calculate the greatest common divisor of 37677 and 3363.
57
Calculate the greatest common factor of 3101 and 16834.
443
What is the highest common divisor of 118 and 3377278?
118
What is the greatest common divisor of 15 and 491685?
15
Calculate the highest common divisor of 84853 and 2597.
53
Calculate the greatest common divisor of 822 and 280713.
411
What is the highest common divisor of 14344 and 1683?
11
Calculate the greatest common factor of 13 and 3047421.
13
What is the greatest common factor of 6075 and 36558?
27
What is the greatest common divisor of 13487433 and 237?
237
What is the greatest common factor of 190 and 27110?
10
Calculate the greatest common factor of 32 and 84504.
8
Calculate the highest common factor of 14 and 661948.
14
Calculate the greatest common divisor of 32 and 1876712.
8
Calculate the highest common divisor of 17673 and 548.
137
Calculate the highest common divisor of 147 and 1182.
3
What is the highest common factor of 2760865 and 5?
5
What is the greatest common factor of 377 and 4420?
13
What is the highest common factor of 1752 and 3572328?
1752
Calculate the greatest common divisor of 4048 and 1353044.
1012
What is the greatest common divisor of 67388 and 136?
68
Calculate the highest common divisor of 5290 and 33210.
10
What is the highest common divisor of 2682 and 586464?
894
Calculate the greatest common divisor of 21 and 121457.
7
What is the greatest common factor of 489067 and 466?
233
What is the highest common divisor of 196 and 41993?
49
Calculate the greatest common divisor of 1764 and 923013.
441
Calculate the highest common divisor of 33541 and 323.
17
Calculate the greatest common divisor of 42 and 5208882.
42
What is the greatest common factor of 649 and 236533?
11
What is the highest common divisor of 184 and 36248?
184
Calculate the highest common divisor of 2937 and 27137.
11
What is the greatest common divisor of 16003 and 403?
13
Calculate the highest common factor of 76063 and 13.
13
What is the greatest common factor of 2263 and 123297?
73
What is the highest common divisor of 248 and 261175?
31
Calculate the highest common factor of 2562 and 4809.
21
Calculate the highest common divisor of 24 and 7096.
8
What is the highest common divisor of 202 and 107565?
101
What is the greatest common divisor of 72 and 38124?
36
What is the highest common divisor of 5494018 and 422?
422
Calculate the highest common factor of 64 and 10256.
16
What is the highest common divisor of 17 and 3216281?
17
Calculate the greatest common factor of 5014178 and 26.
26
What is th